{"id":17784,"date":"2022-01-10T12:15:41","date_gmt":"2022-01-10T12:15:41","guid":{"rendered":"https:\/\/spconta-aveiro.pt\/contabilidade\/?post_type=cpt_services&#038;p=17784"},"modified":"2025-06-08T23:12:18","modified_gmt":"2025-06-08T23:12:18","slug":"fiscalidade","status":"publish","type":"cpt_services","link":"https:\/\/spconta-aveiro.pt\/contabilidade\/services\/fiscalidade\/","title":{"rendered":"FISCALIDADE"},"content":{"rendered":"\n<p>Elaboramos e entregamos muitos antes do prazo todas as Declara\u00e7\u00f5es Fiscais (IVA, IRS, IRC, IES entre outras) atendendo \u00e0s necessidades de cada empresa, acompanhamento nas fiscaliza\u00e7\u00f5es tribut\u00e1rias e outras actividades relacionadas.<\/p>\n\n\n\n<p><\/p>\n\n\n\n<div style=\"height:20px\" aria-hidden=\"true\" class=\"wp-block-spacer extra_tiny_spacer\"><\/div>\n\n\n\n<figure class=\"wp-block-gallery has-nested-images columns-default is-cropped wp-block-gallery-1 is-layout-flex wp-block-gallery-is-layout-flex\">\n<figure class=\"wp-block-image size-large\"><img fetchpriority=\"high\" decoding=\"async\" width=\"1024\" height=\"941\" data-id=\"19217\" src=\"https:\/\/spconta-aveiro.pt\/contabilidade\/wp-content\/uploads\/2022\/01\/image-34-1024x941.jpg\" alt=\"\" class=\"wp-image-19217\" srcset=\"https:\/\/spconta-aveiro.pt\/contabilidade\/wp-content\/uploads\/2022\/01\/image-34-1024x941.jpg 1024w, https:\/\/spconta-aveiro.pt\/contabilidade\/wp-content\/uploads\/2022\/01\/image-34-300x276.jpg 300w, https:\/\/spconta-aveiro.pt\/contabilidade\/wp-content\/uploads\/2022\/01\/image-34-768x706.jpg 768w, https:\/\/spconta-aveiro.pt\/contabilidade\/wp-content\/uploads\/2022\/01\/image-34-1536x1411.jpg 1536w, https:\/\/spconta-aveiro.pt\/contabilidade\/wp-content\/uploads\/2022\/01\/image-34-370x340.jpg 370w, https:\/\/spconta-aveiro.pt\/contabilidade\/wp-content\/uploads\/2022\/01\/image-34-840x772.jpg 840w, https:\/\/spconta-aveiro.pt\/contabilidade\/wp-content\/uploads\/2022\/01\/image-34-410x377.jpg 410w, https:\/\/spconta-aveiro.pt\/contabilidade\/wp-content\/uploads\/2022\/01\/image-34-600x551.jpg 600w, https:\/\/spconta-aveiro.pt\/contabilidade\/wp-content\/uploads\/2022\/01\/image-34.jpg 1920w\" sizes=\"(max-width: 1024px) 100vw, 1024px\" \/><\/figure>\n\n\n\n<figure class=\"wp-block-image size-full\"><img decoding=\"async\" width=\"570\" height=\"696\" data-id=\"21357\" src=\"https:\/\/spconta-aveiro.pt\/contabilidade\/wp-content\/uploads\/2025\/06\/banner_sp-conta-570x696-1.jpg\" alt=\"\" class=\"wp-image-21357\" srcset=\"https:\/\/spconta-aveiro.pt\/contabilidade\/wp-content\/uploads\/2025\/06\/banner_sp-conta-570x696-1.jpg 570w, https:\/\/spconta-aveiro.pt\/contabilidade\/wp-content\/uploads\/2025\/06\/banner_sp-conta-570x696-1-246x300.jpg 246w, https:\/\/spconta-aveiro.pt\/contabilidade\/wp-content\/uploads\/2025\/06\/banner_sp-conta-570x696-1-370x452.jpg 370w, https:\/\/spconta-aveiro.pt\/contabilidade\/wp-content\/uploads\/2025\/06\/banner_sp-conta-570x696-1-410x501.jpg 410w\" sizes=\"(max-width: 600px) 100vw, 570px\" \/><\/figure>\n<\/figure>\n\n\n\n<p><\/p>\n","protected":false},"excerpt":{"rendered":"<p>Declara\u00e7\u00f5es Fiscais (IVA, IRS, IRC, IES entre outras)<\/p>\n","protected":false},"author":1,"featured_media":17785,"comment_status":"closed","ping_status":"closed","template":"","cpt_services_group":[177],"class_list":["post-17784","cpt_services","type-cpt_services","status-publish","has-post-thumbnail","hentry","cpt_services_group-financial"],"_links":{"self":[{"href":"https:\/\/spconta-aveiro.pt\/contabilidade\/wp-json\/wp\/v2\/cpt_services\/17784","targetHints":{"allow":["GET"]}}],"collection":[{"href":"https:\/\/spconta-aveiro.pt\/contabilidade\/wp-json\/wp\/v2\/cpt_services"}],"about":[{"href":"https:\/\/spconta-aveiro.pt\/contabilidade\/wp-json\/wp\/v2\/types\/cpt_services"}],"author":[{"embeddable":true,"href":"https:\/\/spconta-aveiro.pt\/contabilidade\/wp-json\/wp\/v2\/users\/1"}],"replies":[{"embeddable":true,"href":"https:\/\/spconta-aveiro.pt\/contabilidade\/wp-json\/wp\/v2\/comments?post=17784"}],"wp:featuredmedia":[{"embeddable":true,"href":"https:\/\/spconta-aveiro.pt\/contabilidade\/wp-json\/wp\/v2\/media\/17785"}],"wp:attachment":[{"href":"https:\/\/spconta-aveiro.pt\/contabilidade\/wp-json\/wp\/v2\/media?parent=17784"}],"wp:term":[{"taxonomy":"cpt_services_group","embeddable":true,"href":"https:\/\/spconta-aveiro.pt\/contabilidade\/wp-json\/wp\/v2\/cpt_services_group?post=17784"}],"curies":[{"name":"wp","href":"https:\/\/api.w.org\/{rel}","templated":true}]}}

<p>Elaboramos e entregamos muitos antes do prazo todas as Declarações Fiscais (IVA, IRS, IRC, IES entre outras) atendendo às necessidades de cada empresa, acompanhamento nas fiscalizações tributárias e outras actividades relacionadas.</p>



<p></p>



<div style="height:20px" aria-hidden="true" class="wp-block-spacer extra_tiny_spacer"></div>



<figure class="wp-block-gallery has-nested-images columns-default is-cropped wp-block-gallery-1 is-layout-flex wp-block-gallery-is-layout-flex">
<figure class="wp-block-image size-large"><img fetchpriority="high" decoding="async" width="1024" height="941" data-id="19217" src="https://spconta-aveiro.pt/contabilidade/wp-content/uploads/2022/01/image-34-1024x941.jpg" alt="" class="wp-image-19217" srcset="https://spconta-aveiro.pt/contabilidade/wp-content/uploads/2022/01/image-34-1024x941.jpg 1024w, https://spconta-aveiro.pt/contabilidade/wp-content/uploads/2022/01/image-34-300x276.jpg 300w, https://spconta-aveiro.pt/contabilidade/wp-content/uploads/2022/01/image-34-768x706.jpg 768w, https://spconta-aveiro.pt/contabilidade/wp-content/uploads/2022/01/image-34-1536x1411.jpg 1536w, https://spconta-aveiro.pt/contabilidade/wp-content/uploads/2022/01/image-34-370x340.jpg 370w, https://spconta-aveiro.pt/contabilidade/wp-content/uploads/2022/01/image-34-840x772.jpg 840w, https://spconta-aveiro.pt/contabilidade/wp-content/uploads/2022/01/image-34-410x377.jpg 410w, https://spconta-aveiro.pt/contabilidade/wp-content/uploads/2022/01/image-34-600x551.jpg 600w, https://spconta-aveiro.pt/contabilidade/wp-content/uploads/2022/01/image-34.jpg 1920w" sizes="(max-width: 1024px) 100vw, 1024px" /></figure>



<figure class="wp-block-image size-full"><img decoding="async" width="570" height="696" data-id="21357" src="https://spconta-aveiro.pt/contabilidade/wp-content/uploads/2025/06/banner_sp-conta-570x696-1.jpg" alt="" class="wp-image-21357" srcset="https://spconta-aveiro.pt/contabilidade/wp-content/uploads/2025/06/banner_sp-conta-570x696-1.jpg 570w, https://spconta-aveiro.pt/contabilidade/wp-content/uploads/2025/06/banner_sp-conta-570x696-1-246x300.jpg 246w, https://spconta-aveiro.pt/contabilidade/wp-content/uploads/2025/06/banner_sp-conta-570x696-1-370x452.jpg 370w, https://spconta-aveiro.pt/contabilidade/wp-content/uploads/2025/06/banner_sp-conta-570x696-1-410x501.jpg 410w" sizes="(max-width: 600px) 100vw, 570px" /></figure>
</figure>



<p></p>

<p>Declarações Fiscais (IVA, IRS, IRC, IES entre outras)</p>
